der when 29 is divided by y?
9
Suppose -326 = -2*n - 308. Calculate the remainder when 176/6*9/6 is divided by n.
8
Suppose -3*u - 4 = -n - 65, -5*u + 2*n = -101. What is the remainder when 41 is divided by u?
20
Let i = -29 - -56. Let a be 548/20 + 6/(-15). Suppose -a - 15 = -3*h. What is the remainder when i is divided by h?
13
Suppose -4*w + 17 = -15. Let i(v) = -3*v - 10. Calculate the remainder when i(-9) is divided by 2/8 + 70/w.
8
Let z(o) = -5*o**2 - 45*o - 25. Let h(s) = s**2 + 9*s + 5. Let i(y) = 11*h(y) + 2*z(y). Calculate the remainder when i(-9) is divided by 3.
2
Let w be 0 + (12/2)/(-3). Let h = 39 - w. Let s = 6 + 5. Calculate the remainder when h is divided by s.
8
Suppose 0 = -5*b - 5*v + 25, 0 = -3*v + 1 + 5. Calculate the remainder when 19 is divided by b.
1
Let a = 211 + -200. Let s(d) = -d**3 - 3*d - 2. Let l be s(3). Let m = 69 + l. What is the remainder when m is divided by a?
9
Let g(y) = y + 7. Let i be g(-5). Let w be (i/6)/((-1)/(-3)). Calculate the remainder when 28 is divided by (-2 + w - 0)*-15.
13
Let j = -17 - -26. Suppose 0 = -r + j + 6. Calculate the remainder when 29 is divided by r.
14
Suppose -6 = 3*x - 0. Let o(t) = -t**3 + t - 1. Let m be o(x). Calculate the remainder when 34 is divided by (18/m)/(2/10).
16
What is the remainder when 11 is divided by (-16)/6*117/(-52)?
5
Suppose 0 = q - 34 - 4. What is the remainder when (-3)/((-3)/q) + -1 is divided by 19?
18
Let p = 159 - 112. Calculate the remainder when p is divided by 25.
22
What is the remainder when 111 is divided by 918/24 + 39/(-12) + 3?
35
Let f(m) = -m**3 - 2*m + 29. Let l be ((-3)/2)/((-3)/6). Suppose -30 = -l*w - 2*b, 4*w + b - 26 = 14. Calculate the remainder when f(0) is divided by w.
9
Suppose 91 = 3*v - 23. Calculate the remainder when 75 is divided by v.
37
Let x(v) = 4*v**2 + 8*v + 5. Let p be x(-5). Let o = -39 + p. Calculate the remainder when o is divided by 9.
8
Suppose 2*n - 249 + 21 = 0. Let o be (-3)/(-12) + n/(-8). What is the remainder when 35 is divided by (24/o)/((-5)/35)?
11
Let p(q) = -q**3 - q**2 - 3*q - 4. Let l be p(-3). Let h = l - 9. Let w = -10 + h. Calculate the remainder when w is divided by 3.
1
Suppose 0 = 5*g - 145 - 185. Suppose g = 5*b + 3*d, 3*b - 57 = -3*d + 7*d. Let v(l) = -8*l + 4. What is the remainder when v(-5) is divided by b?
14
Let g(z) = z**3 + 13*z**2 + 6*z + 17. Calculate the remainder when g(-12) is divided by 31.
27
Let c = 2 + 11. What is the remainder when (-1 + 3 + -9 - -3) + 41 is divided by c?
11
Suppose 9*l = 14*l - 15. Let z = -1 + 3. Suppose 2*d = -l*d - z*q + 40, -d = -3*q + 9. Calculate the remainder when 17 is divided by d.
5
Let m(l) = -l**3 - 4*l**2 + 9*l + 6. What is the remainder when m(-6) is divided by 7?
3
Suppose 0*w - 2*w = -20. What is the remainder when 1/5 - (-89)/5 is divided by w?
8
What is the remainder when 39 is divided by (-6)/4*56/(-6)?
11
Let j(h) = 2*h**3 + 2*h - 1. Let w be j(1). Suppose 3*y - 2*b - 8 = -0*y, y - w = b. Suppose -14 = -y*d - 2. Calculate the remainder when 16 is divided by d.
4
Let i(k) = 9*k**2 - k + 1. Let p(s) = 4*s + 5. Suppose u - 16 = -3*g, 2 = 5*g + 5*u - 28. Calculate the remainder when p(g) is divided by i(1).
7
Let r = -8 + 13. Suppose 3*l = r*l. Suppose c + l*t - 3 = 3*t, 15 = c + t. What is the remainder when 23 is divided by c?
11
Let q = -4 - -55. Calculate the remainder when 33 is divided by q*(1/3)/1.
16
Let g(q) = q**2 - 6*q + 18. Suppose 5*u = -5*m + 30, 2*u - 33 = -4*m + u. Calculate the remainder when g(8) is divided by m.
7
Let j(c) = -c**3 - c**2 - c + 13. Let a(z) = 5*z + z - 4*z**2 - 5 + 3*z**2. Let u be a(5). Calculate the remainder when 25 is divided by j(u).
12
Let t(y) = -6*y + 67. Let b = 69 + -38. Calculate the remainder when t(-9) is divided by b.
28
Let v(o) = o**2 + 4*o + 15. What is the remainder when v(-10) is divided by 2/(-4) + 234/12?
18
Let z be 34/(-4) + 6/(-4). Suppose -2*o + h + 21 = 0, -3*h = -2*o - 3*o + 54. What is the remainder when o is divided by (-58)/z + 1/5?
3
Suppose -28 - 12 = -2*q. What is the remainder when q is divided by 12?
8
Suppose -50 - 26 = -b. What is the remainder when b is divided by 11?
10
Suppose 0 = -5*t + 5*j + 70, 7*t - 2*t - 70 = j. What is the remainder when t is divided by 10?
4
Let z = 10 + -4. Suppose -4*x - 60 = -x. Let b = x + 30. Calculate the remainder when b is divided by z.
4
Let r = 2 + 18. Suppose -z = 3*p - 34, 0 = -4*p + 2*p + 2*z + r. Let a = -19 - -39. What is the remainder when a is divided by p?
9
Let u be ((-6)/4)/(4/(-8)). Suppose -u*j + 10 = -8. Let w(a) = -4*a - 5. Calculate the remainder when w(-4) is divided by j.
5
What is the remainder when 4/7 - 580/(-14) is divided by 4/(-10) + 57/5?
9
Suppose -4*s = -26*s + 88. What is the remainder when 15 is divided by s?
3
Suppose 2*g = -a + 129, 0 = 5*g + 3*a - 462 + 141. What is the remainder when g is divided by 23?
20
Suppose k - 38 - 2 = 0. Suppose 0 = -5*h + 3*f - 16, 5*h - f - 7 = -19. Calculate the remainder when k is divided by -2 + 19 - (-6)/h.
12
Suppose -4*b = b - 3*v - 81, 36 = 2*b - 3*v. Calculate the remainder when b is divided by 9.
6
Let o(h) = h**2 - 14*h + 4. Let i(p) = -p**2 + 13*p - 3. Let f(b) = 7*i(b) + 6*o(b). Calculate the remainder when 26 is divided by f(6).
8
Let t = 171 - 148. Calculate the remainder when 91 is divided by t.
22
Let b(u) = -u**2 + 11*u - 6. Let z be b(8). Suppose 6 = 3*l, -v + 3*l + z = 1. Let w = -3 - -9. What is the remainder when v is divided by w?
5
Let s(m) = -m**3 + 2*m**2 + 3*m + 1. Let n = 11 + -8. Let y be s(n). Suppose -y = -f + 14. What is the remainder when 28 is divided by f?
13
Let c = 50 - 20. What is the remainder when c is divided by 12?
6
Let n = 6 - 4. Calculate the remainder when 54 is divided by ((-1)/(-3))/(n/84).
12
Suppose -4 - 8 = -q + p, 2*q - 4*p = 22. Calculate the remainder when 49 is divided by q.
10
Let z = 6 + -6. Let q be (2 + z)*(-1 + 6). What is the remainder when 17 is divided by 188/20 + (-4)/q?
8
Let q(s) = 2*s**2 + 4*s - 7. Calculate the remainder when 78 is divided by q(-4).
6
Let y(r) = -r**3 - 3*r**2 - 4*r - 1. What is the remainder when (-128)/6*(-6)/4 is divided by y(-3)?
10
Suppose -3 = 2*x + 1, 222 = 5*z + 4*x. Calculate the remainder when z is divided by 7.
4
What is the remainder when (-30)/(-9)*(17/5 + -1) is divided by 5?
3
Let p(t) = 2*t**2 - 4 + 3*t**2 - 4*t**2. Calculate the remainder when p(5) is divided by -11*(-1 - 0/(-1)).
10
Let b = 36 - 23. Suppose 0 = 5*t - 52 - b. What is the remainder when 25 is divided by t?
12
Let w(u) = -u**2 - u + 13. Calculate the remainder when 47 is divided by w(0).
8
Suppose 3*s = -2*s + 25. Suppose 3*g = -5*v + 27, -2*g + 11 = s*v - 3*g. What is the remainder when v is divided by 3?
0
Let f = 73 - 59. Calculate the remainder when 55 is divided by f.
13
Suppose 3*h + h - 48 = 0. Suppose 3*j + 226 = 5*k, -k + 47 = -5*j + 15. What is the remainder when k is divided by h?
11
What is the remainder when 99 is divided by ((-160)/(-48))/(2/15)?
24
Let s(z) = -z**3 + 2*z**2 - 3. What is the remainder when 25 is divided by s(-2)?
12
Suppose g - 20 - 53 = 0. What is the remainder when g is divided by 38?
35
Suppose 0 = 3*d - 5*d + 8. Suppose -d*l + 22 = -22. What is the remainder when l is divided by 3?
2
Let r(h) be the third derivative of 1/120*h**6 + 0 - 2*h**2 + 1/3*h**3 + 1/10*h**5 + 0*h + 1/4*h**4. What is the remainder when r(-4) is divided by 4?
2
Suppose -4*i + 3*i = 4. Calculate the remainder when 22 is divided by 6/(1 - i/(-16)).
6
What is the remainder when 14 is divided by (-1 + 52/12)*(-12)/(-8)?
4
Let b = -39 - -66. Calculate the remainder when b is divided by 10.
7
Suppose -4*c + 104 = -0. Calculate the remainder when c is divided by 9.
8
Suppose -5*o = 2*x - 6, 6 = 2*x + 4*o - 0*o. Let n(h) = 6*h + 2. What is the remainder when n(x) is divided by 11?
9
Suppose -3*u - u + 28 = 0. Suppose u*b = 4*b + 5*v + 16, 3*v = -3*b + 48. Calculate the remainder when 45 is divided by b.
9
Calculate the remainder when -1*((-27)/(-12))/(6/(-216)) is divided by 17.
13
Let a(h) = 2*h - 7. Let v be a(-6). Let k = 4 - v. Calculate the remainder when k is divided by 5.
3
Let x(y) = y**2 + 17*y + 31. What is the remainder when 90 is divided by x(-17)?
28
Let l(o) = 3*o**2 - 5*o - 8. What is th